{"id":832,"date":"2019-10-23T12:44:56","date_gmt":"2019-10-23T10:44:56","guid":{"rendered":"http:\/\/xn--praxis-lemke-eckernfrde-rlc.de\/?page_id=832"},"modified":"2023-07-03T13:00:58","modified_gmt":"2023-07-03T11:00:58","slug":"akupunktur-2","status":"publish","type":"page","link":"https:\/\/xn--praxis-lemke-eckernfrde-rlc.de\/?page_id=832","title":{"rendered":"Akupunktur"},"content":{"rendered":"\n<p><em>mit<\/em> August 2023 ersetzt die <strong>EINNADELakupunktur <\/strong>nach <em>SlaBu<\/em> zumindest in den ersten <strong>3<\/strong> Behandlungen  alle der bislang von mir seit 2008 praktizierten Akupunkturstile (inklusive Dr. Tan, Meister Tung, Kiiko Matsumoto, Toyohari etc., Einnadelakupunktur Donald Halfkenny, Akupunktur nach Andrew N. &#8230; ) *<\/p>\n\n\n\n<p>dies aus Gr\u00fcnden maximaler Wirksamkeit bei einem Minimum an zu setzenden Nadeln in Ihrem Sinne und zudem oft auch bei einer deutlich geringeren Anzahl erforderlicher Behandlungen im Vergleich zu anderen Stilen.<\/p>\n\n\n\n<figure class=\"wp-block-table\"><table><tbody><tr><td><strong>Einnadelakupunktur<\/strong> n. SlaBu<\/td><td><strong>andere<\/strong> Akupunkturstile <br>( kein Anspruch auf vollst\u00e4ndige Ber\u00fccksichtigung aller )<\/td><\/tr><tr><td>1 ( bis maximal 3 ) Nadeln<\/td><td>meist 8 Nadeln plus ( bis zu vielen Dutzenden je nach Stil )<\/td><\/tr><tr><td>die spezielle und ausgekl\u00fcgelte palpatorische Diagnostik \u00fcber Bauchzonen, Arm \/ Beinzonen, Shu &amp; Mu Punkte erlaubt pr\u00e4zise die Auswahl des zu w\u00e4hlenden Akupunkturpunktes. Der Effekt kann mit Blick auf die Palpation unmittelbar \u00fcberpr\u00fcft werden und ist von behandelter Person sowie Behandler erkennbar.<\/td><td>sowohl z.B. Zungen- als auch Pulsdiagnostik  bleiben der behandelten Person verschlossen und jene muss sich ausschlie\u00dflich auf die Aussagen der BehandlerIn verlassen. Die Irisdiagnostik ist zwar eine hervorragende Diagnostik doch oft nicht zielf\u00fchrend mit Blick auf \u00dcberpr\u00fcfbarkeit des unmittelbaren Behandlungseffektes.<\/td><\/tr><tr><td>&#8222;nur&#8220; bis zu 3 Behandlungen in denen erkennbar wird, ob es sich um einen f\u00fcr Sie geeigneten Behandlungsstil handelt<\/td><td>gegen\u00fcber den oftmals benannten 10 Sitzungen im Rahmen anderer Akupunkturstile<\/td><\/tr><tr><td>da kein Behandlungsverfahren f\u00fcr sich in Anspruch nehmen kann alles und jeden vollst\u00e4ndig ber\u00fccksichtigt zu bekommen und es sich im Einzelfall bei Ihnen um einen &#8222;Slow&#8220; (Langsam) &#8211; oder gar &#8222;No&#8220; (Nicht) &#8211; Responder (Reagierer) handeln kann, ist <strong>nach <em>sp\u00e4testens<\/em> 3 Sitzungen<\/strong> ohne erkennbare Ver\u00e4nderung \u00fcber weitere Therapiem\u00f6glichkeiten zu sprechen, die im Einzelfall ggf. besser zu greifen verm\u00f6gen. Freilich ist es je nach Fall m\u00f6glich, dass mehr als 3 Behandlungen ben\u00f6tigt werden mittels der Einnadelakupunktur ben\u00f6tigt werden, aber die Erkennbarkeit sollte hier bereits in den ersten 3 Sitzungen gegeben sein!<\/td><td>da kein Behandlungsverfahren f\u00fcr sich in Anspruch nehmen kann alles und jeden vollst\u00e4ndig ber\u00fccksichtigt zu bekommen und es sich im Einzelfall bei Ihnen um einen &#8222;Slow&#8220; (Langsam) &#8211; oder gar &#8222;No&#8220; (Nicht) &#8211; Responder (Reagierer) handeln kann, ist nach der je Still erforderlichen Anzahl von Behandlungen ohne erkennbare Ver\u00e4nderung \u00fcber weitere Therapiem\u00f6glichkeiten zu sprechen &#8211; im Gegensatz zur Einnadelakupunktur nach SlaBu erfolgt hier die Entscheidung aber erst nach einem abgeschlossenen Zyklus von mindestens 10 Behandlungen.<\/td><\/tr><tr><td><strong>z. B.<\/strong><br>&#8211; &#8222;elektronenadaptierte Neurotherapie&#8220; nach Dr. Steiner \/ E-Akupunktur nach Dr. P. Chiang<br>&#8211; FSM nach McMakin = Frequenzspezifische Feinstromtherapie<br>&#8211; Ondamed PEMF nach Binder<br>&#8211; Photonen \/ Lasertherapie<\/td><td><strong>z. B.<\/strong><br>&#8211; &#8222;elektronenadaptierte Neurotherapie&#8220; nach Dr. Steiner \/ E-Akupunktur nach Dr. P. Chiang<br>&#8211; FSM nach McMakin = Frequenzspezifische Feinstromtherapie<br>&#8211; Ondamed PEMF nach Binder<br>&#8211; Photonen \/ Lasertherapie<\/td><\/tr><\/tbody><\/table><figcaption class=\"wp-element-caption\"> <\/figcaption><\/figure>\n\n\n\n<p>&#8212;&#8212;&#8212;&#8212;&#8212;&#8212;&#8212;&#8212;&#8212;&#8212;&#8212;&#8212;&#8212;&#8212;&#8212;&#8212;&#8212;&#8212;&#8212;&#8212;&#8212;&#8212;&#8212;&#8212;&#8212;&#8212;&#8212;<\/p>\n\n\n\n<p><strong>GEB\u00dcHRENORDNUNG<\/strong><\/p>\n\n\n\n<p>Eine Akupunkturbehandlung nimmt zw. 25 und bis zu 30 Minuten in Anspruch und wird nach f\u00fcr \u00c4rztinnen und \u00c4rzte bindender GO\u00c4 = \u00e4rztliche Geb\u00fchrenordnung in aktueller Fassung honoriert. Sie finden die f\u00fcr Sie zutreffenden Betr\u00e4ge im Rahmen der m\u00f6glichen Online Terminbuchung \u00fcber folgenden Link: <a href=\"https:\/\/termin.samedi.de\/b\/dr-med-harald-lemke\/1\" target=\"_blank\" rel=\"noreferrer noopener\"><strong>SAMEDI Online Terminbuchung<\/strong><\/a><\/p>\n\n\n\n<p>_______________________________________________________________________________<\/p>\n\n\n\n<p>* PatientInnen mit &#8222;Augenleiden&#8220; (Maculadegeneration, Glaukom etc.) , Z.n. Schlaganfall etc.) wenden sich bitte zuvor an mich, da jene oftmals andere Behandlungsverfahren- und Behandlungsintensit\u00e4ten ben\u00f6tigen.<\/p>\n\n\n\n<p>** bisherige Individuelle Gesundheitsvereinbarungen = IGEL bleiben hiervon bis auf weiteres voraussichtlich unber\u00fchrt.<\/p>\n","protected":false},"excerpt":{"rendered":"<p>mit August 2023 ersetzt die EINNADELakupunktur nach SlaBu zumindest in den ersten 3 Behandlungen alle der bislang von mir seit 2008 praktizierten Akupunkturstile (inklusive Dr. Tan, Meister Tung, Kiiko Matsumoto, Toyohari etc., Einnadelakupunktur Donald Halfkenny, Akupunktur nach Andrew N. &#8230; [&hellip;]<\/p>\n","protected":false},"author":1,"featured_media":0,"parent":0,"menu_order":0,"comment_status":"closed","ping_status":"closed","template":"","meta":{"footnotes":""},"class_list":["post-832","page","type-page","status-publish","hentry","clearfix"],"yoast_head":"<!-- This site is optimized with the Yoast SEO plugin v25.6 - https:\/\/yoast.com\/wordpress\/plugins\/seo\/ -->\n<title>Akupunktur - Dr. med. Harald Lemke<\/title>\n<meta name=\"robots\" content=\"index, follow, max-snippet:-1, max-image-preview:large, max-video-preview:-1\" \/>\n<link rel=\"canonical\" href=\"https:\/\/xn--praxis-lemke-eckernfrde-rlc.de\/?page_id=832\" \/>\n<meta property=\"og:locale\" content=\"de_DE\" \/>\n<meta property=\"og:type\" content=\"article\" \/>\n<meta property=\"og:title\" content=\"Akupunktur - Dr. med. Harald Lemke\" \/>\n<meta property=\"og:description\" content=\"mit August 2023 ersetzt die EINNADELakupunktur nach SlaBu zumindest in den ersten 3 Behandlungen alle der bislang von mir seit 2008 praktizierten Akupunkturstile (inklusive Dr. Tan, Meister Tung, Kiiko Matsumoto, Toyohari etc., Einnadelakupunktur Donald Halfkenny, Akupunktur nach Andrew N. &#8230; [&hellip;]\" \/>\n<meta property=\"og:url\" content=\"https:\/\/xn--praxis-lemke-eckernfrde-rlc.de\/?page_id=832\" \/>\n<meta property=\"og:site_name\" content=\"Dr. med. Harald Lemke\" \/>\n<meta property=\"article:modified_time\" content=\"2023-07-03T11:00:58+00:00\" \/>\n<meta name=\"twitter:card\" content=\"summary_large_image\" \/>\n<meta name=\"twitter:label1\" content=\"Gesch\u00e4tzte Lesezeit\" \/>\n\t<meta name=\"twitter:data1\" content=\"3\u00a0Minuten\" \/>\n<script type=\"application\/ld+json\" class=\"yoast-schema-graph\">{\"@context\":\"https:\/\/schema.org\",\"@graph\":[{\"@type\":\"WebPage\",\"@id\":\"https:\/\/xn--praxis-lemke-eckernfrde-rlc.de\/?page_id=832\",\"url\":\"https:\/\/xn--praxis-lemke-eckernfrde-rlc.de\/?page_id=832\",\"name\":\"Akupunktur - Dr. med. Harald Lemke\",\"isPartOf\":{\"@id\":\"https:\/\/xn--praxis-lemke-eckernfrde-rlc.de\/#website\"},\"datePublished\":\"2019-10-23T10:44:56+00:00\",\"dateModified\":\"2023-07-03T11:00:58+00:00\",\"breadcrumb\":{\"@id\":\"https:\/\/xn--praxis-lemke-eckernfrde-rlc.de\/?page_id=832#breadcrumb\"},\"inLanguage\":\"de\",\"potentialAction\":[{\"@type\":\"ReadAction\",\"target\":[\"https:\/\/xn--praxis-lemke-eckernfrde-rlc.de\/?page_id=832\"]}]},{\"@type\":\"BreadcrumbList\",\"@id\":\"https:\/\/xn--praxis-lemke-eckernfrde-rlc.de\/?page_id=832#breadcrumb\",\"itemListElement\":[{\"@type\":\"ListItem\",\"position\":1,\"name\":\"Startseite\",\"item\":\"https:\/\/xn--praxis-lemke-eckernfrde-rlc.de\/\"},{\"@type\":\"ListItem\",\"position\":2,\"name\":\"Akupunktur\"}]},{\"@type\":\"WebSite\",\"@id\":\"https:\/\/xn--praxis-lemke-eckernfrde-rlc.de\/#website\",\"url\":\"https:\/\/xn--praxis-lemke-eckernfrde-rlc.de\/\",\"name\":\"https:\/\/xn--praxis-lemke-eckernfrde-rlc.de\/\",\"description\":\"Praxis f\u00fcr Ostasiatische Heilverfahren &amp; Integrative Medizin\",\"potentialAction\":[{\"@type\":\"SearchAction\",\"target\":{\"@type\":\"EntryPoint\",\"urlTemplate\":\"https:\/\/xn--praxis-lemke-eckernfrde-rlc.de\/?s={search_term_string}\"},\"query-input\":{\"@type\":\"PropertyValueSpecification\",\"valueRequired\":true,\"valueName\":\"search_term_string\"}}],\"inLanguage\":\"de\"}]}<\/script>\n<!-- \/ Yoast SEO plugin. -->","yoast_head_json":{"title":"Akupunktur - Dr. med. Harald Lemke","robots":{"index":"index","follow":"follow","max-snippet":"max-snippet:-1","max-image-preview":"max-image-preview:large","max-video-preview":"max-video-preview:-1"},"canonical":"https:\/\/xn--praxis-lemke-eckernfrde-rlc.de\/?page_id=832","og_locale":"de_DE","og_type":"article","og_title":"Akupunktur - Dr. med. Harald Lemke","og_description":"mit August 2023 ersetzt die EINNADELakupunktur nach SlaBu zumindest in den ersten 3 Behandlungen alle der bislang von mir seit 2008 praktizierten Akupunkturstile (inklusive Dr. Tan, Meister Tung, Kiiko Matsumoto, Toyohari etc., Einnadelakupunktur Donald Halfkenny, Akupunktur nach Andrew N. &#8230; [&hellip;]","og_url":"https:\/\/xn--praxis-lemke-eckernfrde-rlc.de\/?page_id=832","og_site_name":"Dr. med. Harald Lemke","article_modified_time":"2023-07-03T11:00:58+00:00","twitter_card":"summary_large_image","twitter_misc":{"Gesch\u00e4tzte Lesezeit":"3\u00a0Minuten"},"schema":{"@context":"https:\/\/schema.org","@graph":[{"@type":"WebPage","@id":"https:\/\/xn--praxis-lemke-eckernfrde-rlc.de\/?page_id=832","url":"https:\/\/xn--praxis-lemke-eckernfrde-rlc.de\/?page_id=832","name":"Akupunktur - Dr. med. Harald Lemke","isPartOf":{"@id":"https:\/\/xn--praxis-lemke-eckernfrde-rlc.de\/#website"},"datePublished":"2019-10-23T10:44:56+00:00","dateModified":"2023-07-03T11:00:58+00:00","breadcrumb":{"@id":"https:\/\/xn--praxis-lemke-eckernfrde-rlc.de\/?page_id=832#breadcrumb"},"inLanguage":"de","potentialAction":[{"@type":"ReadAction","target":["https:\/\/xn--praxis-lemke-eckernfrde-rlc.de\/?page_id=832"]}]},{"@type":"BreadcrumbList","@id":"https:\/\/xn--praxis-lemke-eckernfrde-rlc.de\/?page_id=832#breadcrumb","itemListElement":[{"@type":"ListItem","position":1,"name":"Startseite","item":"https:\/\/xn--praxis-lemke-eckernfrde-rlc.de\/"},{"@type":"ListItem","position":2,"name":"Akupunktur"}]},{"@type":"WebSite","@id":"https:\/\/xn--praxis-lemke-eckernfrde-rlc.de\/#website","url":"https:\/\/xn--praxis-lemke-eckernfrde-rlc.de\/","name":"https:\/\/xn--praxis-lemke-eckernfrde-rlc.de\/","description":"Praxis f\u00fcr Ostasiatische Heilverfahren &amp; Integrative Medizin","potentialAction":[{"@type":"SearchAction","target":{"@type":"EntryPoint","urlTemplate":"https:\/\/xn--praxis-lemke-eckernfrde-rlc.de\/?s={search_term_string}"},"query-input":{"@type":"PropertyValueSpecification","valueRequired":true,"valueName":"search_term_string"}}],"inLanguage":"de"}]}},"_links":{"self":[{"href":"https:\/\/xn--praxis-lemke-eckernfrde-rlc.de\/index.php?rest_route=\/wp\/v2\/pages\/832"}],"collection":[{"href":"https:\/\/xn--praxis-lemke-eckernfrde-rlc.de\/index.php?rest_route=\/wp\/v2\/pages"}],"about":[{"href":"https:\/\/xn--praxis-lemke-eckernfrde-rlc.de\/index.php?rest_route=\/wp\/v2\/types\/page"}],"author":[{"embeddable":true,"href":"https:\/\/xn--praxis-lemke-eckernfrde-rlc.de\/index.php?rest_route=\/wp\/v2\/users\/1"}],"replies":[{"embeddable":true,"href":"https:\/\/xn--praxis-lemke-eckernfrde-rlc.de\/index.php?rest_route=%2Fwp%2Fv2%2Fcomments&post=832"}],"version-history":[{"count":42,"href":"https:\/\/xn--praxis-lemke-eckernfrde-rlc.de\/index.php?rest_route=\/wp\/v2\/pages\/832\/revisions"}],"predecessor-version":[{"id":1793,"href":"https:\/\/xn--praxis-lemke-eckernfrde-rlc.de\/index.php?rest_route=\/wp\/v2\/pages\/832\/revisions\/1793"}],"wp:attachment":[{"href":"https:\/\/xn--praxis-lemke-eckernfrde-rlc.de\/index.php?rest_route=%2Fwp%2Fv2%2Fmedia&parent=832"}],"curies":[{"name":"wp","href":"https:\/\/api.w.org\/{rel}","templated":true}]}}